5 + v**4/12 + v**3/3 + v**2. What is q(l)?
37
Let i(p) = -31*p + 1645 + 0*p**2 + 0*p**2 + 2*p**2 - 1646. What is i(13)?
-66
Let k(p) = -6*p + 1. Let x be k(1). Let y(w) be the second derivative of 2 + 2*w**2 + 24*w + 1/3*w**3. What is y(x)?
-6
Let q(z) be the first derivative of -3*z**2/2 - 8*z - 4. Let a be q(-4). Let b(c) be the second derivative of -c**3/3 + 5*c**2/2 + 7405*c. Give b(a).
-3
Let u(o) be the first derivative of -7*o + 11/3*o**3 - 1/4*o**4 - 5*o**2 + 90. Suppose 7*g = 2*g + 2*x + 58, 4*g - 5*x = 60. Calculate u(g).
-7
Let s(h) = -2*h. Suppose 0 = -8*f - 0*f - 32. Let a(r) = -7*r + 3. Let k(q) = f*s(q) + a(q). Give k(-9).
-6
Let x be 76*(-3 - -1 - 0). Let i be (-4)/(-6 - x/28). Let p(c) = 4 - c**3 + 6*c + 4*c + 0 + 6*c**2 - 3*c. What is p(i)?
4
Suppose 37*j + 24*j + 20 = 65*j. Let s(q) = -14*q + 67. Give s(j).
-3
Let j = 87 - 84. Suppose j*s - 11 = -3*c + 4*s, 5*c = -2*s. Let n(x) = 2*x**2 + 7*x - 5*x**2 + c*x**2 + 0*x**2 + 3. What is n(6)?
9
Let d(j) = -19*j**2 + 21*j + 2. Let w(y) = 9*y**2 - 10*y - 1. Let p = 125 - 112. Let c(u) = p*w(u) + 6*d(u). Suppose 0 = b - 2*b + 3. Give c(b).
14
Let m = 5521 - 5534. Let x(a) = -5*a - 60. Give x(m).
5
Let y be 5 - (3*-1 - (-7 - 9)). Let v(b) = 2*b**2 + 14*b - 11. Determine v(y).
5
Let k(z) = -27*z**3 + z**2 + z + 1. Let n = 217 - 164. Let r = n - 54. What is k(r)?
28
Let m(s) = s**2 + 8*s - 2. Let x = 609 + -623. Let j be (-2)/(x/21) + -11. What is m(j)?
-2
Let u(y) = -y - 3. Suppose n + 0*n = 6*n. Let r(z) = -2*z**2 + 2*z - 2. Let s be r(n). Calculate u(s).
-1
Let c be ((-44)/(-6))/(5/45). Suppose 14*m - 3*m = c. Let a(g) = 22*g - 8*g + 6 + m*g**2 - 19*g - g**3. Determine a(5).
6
Let h(i) = -46*i**3 - 36*i**2 - 42*i - 13. Let q(t) = -21*t**3 - 17*t**2 - 20*t - 7. Let f(j) = 5*h(j) - 11*q(j). Determine f(-6).
-12
Let l(h) = 3*h**2 + 48*h - 119. Let q be l(-18). Let o(z) = -7*z - 74. What is o(q)?
3
Let f(x) = -x + 1. Suppose 3*y + 31 = -26*i + 27*i, -2*i = -4*y - 70. Suppose -i*b + 112 = -59*b. Calculate f(b).
8
Let l(b) = -1 + 0 - 5*b + 3*b. Let t = 13148 + -13140. Determine l(t).
-17
Let d(n) = 5*n + 3. Let u be d(-2). Let h(g) = 12 - 276249*g - 276248*g + 552491*g - g**3 - 8*g**2. What is h(u)?
5
Let r(a) = -45 + 125 - 39 + 20*a - 43. What is r(-1)?
-22
Suppose -2*l - 104 = -4*r + r, -3*l - 105 = -3*r. Let t(q) = 12 + q**2 + 33*q - 14 - r*q. Determine t(0).
-2
Let v(r) = -34*r + 54016*r**2 + 1 + 54015*r**2 - 3 - 108033*r**2. What is v(-17)?
-2
Let y(l) = l**2 + 3*l + 7. Let a be (-855)/90 + 35/10. Calculate y(a).
25
Let i = -346 + 319. Let u(d) = d**3 + 29*d**2 + 57*d + 75. Let c be u(i). Let t(j) = -2*j - 9. What is t(c)?
3
Let d be (-2)/(-3) - 210/(-63). Suppose 0*q - 2*q + 148 = d*y, 5*y = -3*q + 226. Let u(w) = q*w + 3 - 77*w + 3 - w**2. What is u(5)?
6
Let h be -69 + 43 + 18 + (-32)/(-2). Let p(q) = q**2 + 8*q + 9. Let t(c) = 5*c**2 + 31*c + 35. Let m(o) = -9*p(o) + 2*t(o). Give m(h).
-27
Let r(j) = -j**3 - 5*j**2 + 5*j - 1. Let m be (0/(-6))/(-3*(-1)/3). Let d(p) = 5*p + 55. Let t be d(m). Suppose -2*w - t = 9*w. Calculate r(w).
-26
Let v(t) = 8*t + 3. Let w = 60 - 32. Suppose -w*f + j = -25*f + 5, 0 = 5*f + 3*j - 1. Give v(f).
-5
Suppose 5*k = -3*b - 2, 2*k - 4*b + 2 = 22. Let j(h) = 20 - 12*h + h**k + 19 + 13 - 49. What is j(12)?
3
Suppose 28 = -3*y + 34, 2*y - 19 = -5*w. Let z(t) = 5*t - 9. Let p(o) = -14*o + 26. Let s(q) = w*p(q) + 8*z(q). Calculate s(4).
-2
Let j = -4821 - -4825. Let k(y) be the first derivative of 11/2*y**2 + 26 + 10/3*y**3 + 12*y + 1/4*y**j. Give k(-9).
-6
Let p(w) be the first derivative of w**4/12 - 4*w**3/3 - 7*w**2/2 + 33*w + 33. Let h(v) be the first derivative of p(v). Determine h(8).
-7
Let l(u) = -657 - 2*u + 5*u + 1330 - 670. Suppose -4*g + 43 - 3 = 0. What is l(g)?
33
Let l be 25/(-2)*888/(-740). Let v(j) = -j**2 + 11*j + 18. What is v(l)?
-42
Let c(w) = w**3 + w**2 - w - 2. Suppose -53*x = -8*x + 66*x - 18*x. Give c(x).
-2
Suppose -10*j + 5*j + 2*p = 96, 0 = 4*j - 2*p + 78. Let i be (-36)/j + -1*2 + 3. Let u(o) = -2*o**2 + o - 3. Calculate u(i).
-18
Let k(j) = -3*j**2 + 3*j. Let v(z) = -4*z + 22. Let u = 102 - 103. Let h be (u/3)/((-2)/6)*5. Let o be v(h). Calculate k(o).
-6
Suppose 3*r + b + 35 = 0, -2*b = r - 3*b + 17. Let s = r - -14. Suppose -s = l - w - 8, l + 3*w = -5. Let n(g) = g**3 - 5*g**2 + 3*g + 5. Give n(l).
1
Let v(w) = 10*w**3 + 49*w**2 + 21*w + 23. Let k(t) = 18*t**3 + 98*t**2 + 43*t + 48. Let a(g) = -4*k(g) + 7*v(g). Calculate a(-24).
-7
Let f(l) = -4*l - 71. Let s be f(-19). Let o(j) = -5*j**2 + 26*j + 1. Let u be o(s). Let v(n) = -n**2 + 3*n + 8. Calculate v(u).
-10
Suppose -h - 5*t = -11, 4*t - 8 = -h + 2*t. Let w be ((21/5)/3)/(122/610). Let f(x) = 3*x - 8*x + 4*x + w. Give f(h).
1
Let a = -1851 + 1854. Suppose j = -4*j - 40. Let f be (3/(-2))/(a/j). Let x(z) = -z**3 + 5*z**2 - 5*z - 3. What is x(f)?
-7
Let o(a) = -a - 9. Let l(u) = u**3 + 7*u**2 + 3*u + 9. Let x be l(-6). Let q = 698 + -677. Let j = q - x. What is o(j)?
-3
Let d(y) = 2 - 3*y**2 - y**3 - 2*y**2 + 0*y + 0 + 2*y. Suppose 3*a - 688 = 50*k - 45*k, -5*k + 1120 = 5*a. Let x = a + -231. What is d(x)?
-8
Suppose -1116 = 112*u + 60*u - 428. Let g(q) = -15*q - 56. Determine g(u).
4
Let c = 107 + -66. Suppose -8*w - 15 = c. Let t(i) = i + 12. Let u(a) = -1. Let m(o) = t(o) + u(o). Calculate m(w).
4
Let q(y) be the third derivative of -y**6/60 - y**5/15 + y**4/24 + y**3 - 2215*y**2. Calculate q(-2).
4
Let c be 94/(-4) + (-10)/4. Let g be c/91 - (-2)/7. Let k(x) = x. Let m(s) = -s + 6. Let d(w) = 2*k(w) + m(w). Calculate d(g).
6
Let f(m) = -67 + 21 + 40 - 6*m + 5*m**2. Let z(i) = 7*i**2 - 5*i - 6. Let t(v) = -4*f(v) + 3*z(v). Give t(-6).
-12
Let g = -788 - -791. Let x(u) = u**3 - 3*u**2 + 5. What is x(g)?
5
Suppose -3*b = -17*m + 14*m - 78, 58 = 3*b + m. Let a(n) = -2*n**2 + 42*n + 11. Determine a(b).
11
Let f(r) = -r**2 - 11*r - 14. Let i(o) = 34*o - 180. Let t be i(10). Suppose 2 = -18*j - t. Give f(j).
4
Let h(b) = -2*b - 2. Let d = -231 - -230. Give h(d).
0
Suppose -2*b - 5*h = 6, 0 = -3*b + 4*b - h + 3. Let n(r) = 5*r + 94. Let x(q) = 6*q + 110. Let a(l) = -7*n(l) + 6*x(l). What is a(b)?
-1
Let w(l) be the second derivative of -l**5/20 - 19*l**4/12 - 3*l**3 + 5*l**2/2 - 2*l. Suppose -3*n + 2*m + 496 = 558, -2*m - 64 = 4*n. Determine w(n).
5
Let f(j) = -7*j**3 + j**2 + j. Let n = 59 - 54. Suppose -n*y + 5 = -0*y. Let m be 3*(y + 4)/(-15). What is f(m)?
7
Let b = 420 - 396. Let o(t) = -4*t + 88. Let m be o(b). Let u(h) = -h**3 - 9*h**2 - 7*h + 8. Calculate u(m).
0
Suppose 0 = 102*v - 103*v + 2. Suppose 4*i + 0*i - 3*j + 33 = 0, 0 = v*i - 4*j + 24. Let y(b) = 2*b**2 + 11*b - 1. What is y(i)?
5
Let n(p) = 1. Let q(t) = 4*t**3 + t + 4. Let g(v) = v**3 + 28*v**2 - 4. Let i be g(-28). Let k(r) = i*n(r) + q(r). What is k(1)?
5
Let h(v) = -3*v**2 + 6*v + 4. Let o(d) = 2*d**2 - 4*d - 3. Suppose 3*p + 16 = 5*l, 4*l - 10*p + 6*p - 8 = 0. Let b(x) = l*h(x) + 7*o(x). Determine b(2).
-1
Let u = -168 + 115. Let a = u - -53. Let q(p) = -25*p + 146 + 24*p - 141. Give q(a).
5
Let p(k) = -k**2 + 48*k - 12. Let b(f) = f**2 - 53*f + 11. Let l(y) = 6*b(y) + 7*p(y). Calculate l(13).
47
Let h(i) = 3*i - 9*i**2 + i**2 - 10*i**2 + 2*i - 6 + 19*i**2. Let m(k) = k**2 - 2*k - 3. Let q be m(3). Let z = q + -5. Determine h(z).
-6
Let d(k) = k**3 + 11*k**2 + 20*k + 14. Suppose -p + 10 = 19. What is d(p)?
-4
Suppose 3*k = 24*k. Let a(b) be the third derivative of 1/12*b**4 + k + 0*b + 33*b**2 - 1/2*b**3. Calculate a(5).
7
Let j(b) = -27*b**2 + 2*b - 1. Suppose 9*d - 1 = 10*d. Let g be (40/(-32))/(-1) + d/4. Determine j(g).
-26
Let b(l) = l**2 + 8*l + 8. Let z be b(-8). Let k = 328 - 320. Suppose z*n - 10*n - k = 0. Let f(j) = j**3 + 5*j**2 + 7*j + 4. Give f(n).
-8
Let y(k) be the first derivative of -k**4/4 + 5*k**3/3 + 9*k**2/2 + 10*k + 340. Let b = -32 + 39. Determine y(b).
-25
Let c(f) = 3*f**2 - 9*f + 22. Let q(d) = -459*d + 2298. Let w be q(5). Give c(w).
22
Suppose 4*p - 3*v = 4, -101*v + 98*v + 12 = 0. Let t(z) be the third derivative of -7*z**2 + 0*z - 1/60*z**5 + 2/3*z**3 + 1/8*z**p + 0. What is t(4)?
0
Let y(r) = 2*r**3 + 63*r**2 + 26*r - 147. Let s be y(-31). Let t(b) = -b + 3. Determine t(s).
-5
Let u(l) = 27*l**3 + l**2 - l - 1. Suppose 3284*n - 25 = 3309*n. What is u(n)?
-26
Let